{"id":276,"date":"2019-09-27T18:40:10","date_gmt":"2019-09-27T18:40:10","guid":{"rendered":"http:\/\/test.bsc-lahr.de\/?page_id=276"},"modified":"2020-06-08T20:41:05","modified_gmt":"2020-06-08T18:41:05","slug":"der-vorstand","status":"publish","type":"page","link":"https:\/\/bsc-lahr.de\/?page_id=276","title":{"rendered":"Vorstand"},"content":{"rendered":"<p><\/p>\n<h3 style=\"text-align: center;\">Der Vorstand<\/h3>\n<hr>\n<div class=\"tmm tmm_vorstand\"><div class=\"tmm_3_columns tmm_wrap tmm_theme_f\"><span class=\"tmm_two_containers_tablet\"><\/span><div class=\"tmm_container\"><div class=\"tmm_member\" style=\"border-top:#000000 solid 5px;\"><div class=\"tmm_photo tmm_pic_vorstand_0\" style=\"background: url(http:\/\/test.bsc-lahr.de\/wp-content\/uploads\/2019\/09\/Image4.jpg); margin-left: auto; margin-right:auto; background-size:cover !important;\"><\/div><div class=\"tmm_textblock\"><div class=\"tmm_names\"><span class=\"tmm_fname\">Stefan<\/span> <span class=\"tmm_lname\">Eichner<\/span><\/div><div class=\"tmm_job\">1. Vorsitzender<\/div><div class=\"tmm_scblock\"><a class=\"tmm_sociallink\" href=\"mailto:S&#116;&#101;&#102;a&#110;&#046;&#069;&#105;c&#104;&#110;er&#064;BS&#067;-L&#097;&#104;r&#046;de\" title=\"Kontakt\"><img decoding=\"async\" alt=\"Kontakt\" src=\"https:\/\/bsc-lahr.de\/wp-content\/plugins\/team-members\/inc\/img\/links\/email.png\"\/><\/a><\/div><\/div><\/div><div class=\"tmm_member\" style=\"border-top:#000000 solid 5px;\"><div class=\"tmm_photo tmm_pic_vorstand_1\" style=\"background: url(http:\/\/test.bsc-lahr.de\/wp-content\/uploads\/2019\/09\/Image4.jpg); margin-left: auto; margin-right:auto; background-size:cover !important;\"><\/div><div class=\"tmm_textblock\"><div class=\"tmm_names\"><span class=\"tmm_fname\">Angelika<\/span> <span class=\"tmm_lname\">Schepetz<\/span><\/div><div class=\"tmm_job\">2. Vorsitzende<\/div><div class=\"tmm_scblock\"><a class=\"tmm_sociallink\" href=\"mailto:&#065;ngel&#105;&#107;&#097;&#046;Sc&#104;&#101;p&#101;t&#122;&#064;B&#083;&#067;-&#076;&#097;&#104;r&#046;de\" title=\"Kontakt\"><img decoding=\"async\" alt=\"Kontakt\" src=\"https:\/\/bsc-lahr.de\/wp-content\/plugins\/team-members\/inc\/img\/links\/email.png\"\/><\/a><\/div><\/div><\/div><span class=\"tmm_two_containers_tablet\"><\/span><div class=\"tmm_member\" style=\"border-top:#000000 solid 5px;\"><div class=\"tmm_photo tmm_pic_vorstand_2\" style=\"background: url(http:\/\/test.bsc-lahr.de\/wp-content\/uploads\/2019\/09\/Image4.jpg); margin-left: auto; margin-right:auto; background-size:cover !important;\"><\/div><div class=\"tmm_textblock\"><div class=\"tmm_names\"><span class=\"tmm_fname\">Guillaume<\/span> <span class=\"tmm_lname\">le Boles<\/span><\/div><div class=\"tmm_job\">Schatzmeister<\/div><div class=\"tmm_scblock\"><a class=\"tmm_sociallink\" href=\"mailto:&#071;&#117;i&#108;&#097;um&#101;.le&#098;o&#108;&#101;&#115;&#064;BSC-&#076;&#097;h&#114;&#046;&#100;&#101;\" title=\"Kontakt\"><img decoding=\"async\" alt=\"Kontakt\" src=\"https:\/\/bsc-lahr.de\/wp-content\/plugins\/team-members\/inc\/img\/links\/email.png\"\/><\/a><\/div><\/div><\/div><div style=\"clear:both;\"><\/div><\/div><\/div><\/div>\n<p><\/p>\n<div class=\"tmm tmm_verwaltungsrat\"><div class=\"tmm_3_columns tmm_wrap tmm_theme_f\"><span class=\"tmm_two_containers_tablet\"><\/span><div class=\"tmm_container\"><div class=\"tmm_member\" style=\"border-top:#333333 solid 5px;\"><div class=\"tmm_photo tmm_pic_verwaltungsrat_0\" style=\"background: url(http:\/\/test.bsc-lahr.de\/wp-content\/uploads\/2019\/09\/Image4.jpg); margin-left: auto; margin-right:auto; background-size:cover !important;\"><\/div><div class=\"tmm_textblock\"><div class=\"tmm_names\"><span class=\"tmm_fname\">Michael<\/span> <span class=\"tmm_lname\">Markwirth<\/span><\/div><div class=\"tmm_job\">Schriftf\u00fchrer<\/div><div class=\"tmm_scblock\"><\/div><\/div><\/div><div class=\"tmm_member\" style=\"border-top:#333333 solid 5px;\"><div class=\"tmm_photo tmm_pic_verwaltungsrat_1\" style=\"background: url(http:\/\/test.bsc-lahr.de\/wp-content\/uploads\/2019\/09\/Image4.jpg); margin-left: auto; margin-right:auto; background-size:cover !important;\"><\/div><div class=\"tmm_textblock\"><div class=\"tmm_names\"><span class=\"tmm_fname\">Stefan  <\/span> <span class=\"tmm_lname\">Eichner<\/span><\/div><div class=\"tmm_job\">Sportleiter<\/div><div class=\"tmm_scblock\"><\/div><\/div><\/div><span class=\"tmm_two_containers_tablet\"><\/span><div class=\"tmm_member\" style=\"border-top:#333333 solid 5px;\"><div class=\"tmm_photo tmm_pic_verwaltungsrat_2\" style=\"background: url(http:\/\/test.bsc-lahr.de\/wp-content\/uploads\/2019\/09\/Image4.jpg); margin-left: auto; margin-right:auto; background-size:cover !important;\"><\/div><div class=\"tmm_textblock\"><div class=\"tmm_names\"><span class=\"tmm_fname\">Angelika<\/span> <span class=\"tmm_lname\">Schepetz<\/span><\/div><div class=\"tmm_job\">Jugendleiterin<\/div><div class=\"tmm_scblock\"><\/div><\/div><\/div><\/div><span class=\"tmm_columns_containers_desktop\"><\/span><div class=\"tmm_container\"><div class=\"tmm_member\" style=\"border-top:#333333 solid 5px;\"><div class=\"tmm_photo tmm_pic_verwaltungsrat_3\" style=\"background: url(http:\/\/test.bsc-lahr.de\/wp-content\/uploads\/2019\/09\/Image4.jpg); margin-left: auto; margin-right:auto; background-size:cover !important;\"><\/div><div class=\"tmm_textblock\"><div class=\"tmm_names\"><span class=\"tmm_fname\">Mark<\/span> <span class=\"tmm_lname\">Arnold<\/span><\/div><div class=\"tmm_job\">Platzwart<\/div><div class=\"tmm_scblock\"><\/div><\/div><\/div><span class=\"tmm_two_containers_tablet\"><\/span><div class=\"tmm_member\" style=\"border-top:#333333 solid 5px;\"><div class=\"tmm_photo tmm_pic_verwaltungsrat_4\" style=\"background: url(http:\/\/test.bsc-lahr.de\/wp-content\/uploads\/2019\/09\/Image4.jpg); margin-left: auto; margin-right:auto; background-size:cover !important;\"><\/div><div class=\"tmm_textblock\"><div class=\"tmm_names\"><span class=\"tmm_fname\">Christine <\/span> <span class=\"tmm_lname\">Buck<\/span><\/div><div class=\"tmm_job\">Freizeitreferentin<\/div><div class=\"tmm_scblock\"><\/div><\/div><\/div><div class=\"tmm_member\" style=\"border-top:#333333 solid 5px;\"><div class=\"tmm_photo tmm_pic_verwaltungsrat_5\" style=\"background: url(http:\/\/test.bsc-lahr.de\/wp-content\/uploads\/2019\/09\/Image4.jpg); margin-left: auto; margin-right:auto; background-size:cover !important;\"><\/div><div class=\"tmm_textblock\"><div class=\"tmm_names\"><span class=\"tmm_fname\">Milena<\/span> <span class=\"tmm_lname\">Andris<\/span><\/div><div class=\"tmm_job\">Jugendsprecherin<\/div><div class=\"tmm_scblock\"><\/div><\/div><\/div><span class=\"tmm_two_containers_tablet\"><\/span><\/div><span class=\"tmm_columns_containers_desktop\"><\/span><div class=\"tmm_container\"><div class=\"tmm_member\" style=\"border-top:#333333 solid 5px;\"><div class=\"tmm_photo tmm_pic_verwaltungsrat_6\" style=\"background: url(http:\/\/test.bsc-lahr.de\/wp-content\/uploads\/2019\/09\/Image4.jpg); margin-left: auto; margin-right:auto; background-size:cover !important;\"><\/div><div class=\"tmm_textblock\"><div class=\"tmm_names\"><span class=\"tmm_fname\">Reinhard<\/span> <span class=\"tmm_lname\">Gurbandt<\/span><\/div><div class=\"tmm_job\">stellv. Platzwart<\/div><div class=\"tmm_scblock\"><\/div><\/div><\/div><div class=\"tmm_member\" style=\"border-top:#333333 solid 5px;\"><div class=\"tmm_photo tmm_pic_verwaltungsrat_7\" style=\"background: url(http:\/\/test.bsc-lahr.de\/wp-content\/uploads\/2019\/09\/Image4.jpg); margin-left: auto; margin-right:auto; background-size:cover !important;\"><\/div><div class=\"tmm_textblock\"><div class=\"tmm_names\"><span class=\"tmm_fname\">Christine <\/span> <span class=\"tmm_lname\">Schnaiter<\/span><\/div><div class=\"tmm_job\">Sozialmedia<\/div><div class=\"tmm_scblock\"><\/div><\/div><\/div><div style=\"clear:both;\"><\/div><\/div><\/div><\/div>\n<p><\/p>\n\n\n<section class=\"wp-block-uagb-columns uagb-columns__wrap uagb-columns__background-undefined uagb-columns__stack-none uagb-columns__valign-undefined uagb-columns__gap-10 alignundefined uagb-block-3628d520-41be-4890-8667-07a7874aa940\"><div class=\"uagb-columns__overlay\"><\/div><div class=\"uagb-columns__inner-wrap uagb-columns__columns-2\">\n<div class=\"wp-block-uagb-column uagb-column__wrap uagb-column__background-undefined uagb-block-ebadfc95-5fb6-44b1-8ef7-eca2397c4acc\"><div class=\"uagb-column__overlay\"><\/div><div class=\"uagb-column__inner-wrap\">\n<p><strong>Bogensportclub Lahr e.V.<\/strong><br>Gegr\u00fcndet am 18.09.1992 in Lahr<\/p>\n\n\n\n<div style=\"height:20px\" aria-hidden=\"true\" class=\"wp-block-spacer\"><\/div>\n\n\n\n<p>Stefan Eichner<br \/>Blumenstra\u00dfe 1<br \/>77948 Friesenheim<\/p>\n\n\n\n<div style=\"height:20px\" aria-hidden=\"true\" class=\"wp-block-spacer\"><\/div>\n\n\n\n<p>Telefon: 0178 2549021 \u00a0 \u00a0 \u00a0 E-Mail: Stefan.Eichner@Bogensport-Lahr.de<br \/>Internet: www.Bogensport-Lahr.de<\/p>\n\n\n\n<div style=\"height:20px\" aria-hidden=\"true\" class=\"wp-block-spacer\"><\/div>\n\n\n\n<p>Vertretungsberechtigter Vorstand:<br \/>Stefan Eichner, 1. Vorsitzender<br \/>Angelika Schepetz, 2. Vorsitzender<br \/>Walter H\u00f6fer, Schatzmeister<\/p>\n<\/div><\/div>\n\n\n\n<div class=\"wp-block-uagb-column uagb-column__wrap uagb-column__background-undefined uagb-block-122c7d94-9ffe-4d10-842b-9d573caa8b30\"><div class=\"uagb-column__overlay\"><\/div><div class=\"uagb-column__inner-wrap\">\n<p><strong>Registergericht:<\/strong> Amtsgericht Freiburg<br><strong>Registernummer:<\/strong> VR 390769<\/p>\n\n\n\n<div style=\"height:20px\" aria-hidden=\"true\" class=\"wp-block-spacer\"><\/div>\n\n\n\n<p>Verb\u00e4nde:<br>S\u00fcdbadischer Sportsch\u00fctzenverband Offenburg<br>Deutscher Sch\u00fctzenbund<br>Badischer Sportbund<br>Interessengemeinschaft der Lahrer Turn- und Sportvereine<\/p>\n\n\n\n<div style=\"height:20px\" aria-hidden=\"true\" class=\"wp-block-spacer\"><\/div>\n\n\n\n<p>Inhaltlich Verantwortlicher gem\u00e4\u00df \u00a7 55 Abs. 2 RStV:<br>Stefan Eichner, Webmaster<br>E-Mail: webmaster@Bogensport-Lahr.de<\/p>\n<\/div><\/div>\n<\/div><\/section>\n","protected":false},"excerpt":{"rendered":"<p>Der Vorstand Bogensportclub Lahr e.V.Gegr\u00fcndet am 18.09.1992 in Lahr Stefan EichnerBlumenstra\u00dfe 177948 Friesenheim Telefon: 0178 2549021 \u00a0 \u00a0 \u00a0 E-Mail: Stefan.Eichner@Bogensport-Lahr.deInternet: www.Bogensport-Lahr.de Vertretungsberechtigter Vorstand:Stefan Eichner,&hellip;<\/p>\n","protected":false},"author":1,"featured_media":0,"parent":0,"menu_order":0,"comment_status":"closed","ping_status":"closed","template":"","meta":{"_uag_custom_page_level_css":"","pgc_sgb_lightbox_settings":"","footnotes":""},"class_list":["post-276","page","type-page","status-publish","hentry"],"uagb_featured_image_src":{"full":false,"thumbnail":false,"medium":false,"medium_large":false,"large":false,"1536x1536":false,"2048x2048":false,"wp-notes-widget-image":false},"uagb_author_info":{"display_name":"Stefan1975","author_link":"https:\/\/bsc-lahr.de\/?author=1"},"uagb_comment_info":0,"uagb_excerpt":"Der Vorstand Bogensportclub Lahr e.V.Gegr\u00fcndet am 18.09.1992 in Lahr Stefan EichnerBlumenstra\u00dfe 177948 Friesenheim Telefon: 0178 2549021 \u00a0 \u00a0 \u00a0 E-Mail: Stefan.Eichner@Bogensport-Lahr.deInternet: www.Bogensport-Lahr.de Vertretungsberechtigter Vorstand:Stefan Eichner,&hellip;","_links":{"self":[{"href":"https:\/\/bsc-lahr.de\/index.php?rest_route=\/wp\/v2\/pages\/276","targetHints":{"allow":["GET"]}}],"collection":[{"href":"https:\/\/bsc-lahr.de\/index.php?rest_route=\/wp\/v2\/pages"}],"about":[{"href":"https:\/\/bsc-lahr.de\/index.php?rest_route=\/wp\/v2\/types\/page"}],"author":[{"embeddable":true,"href":"https:\/\/bsc-lahr.de\/index.php?rest_route=\/wp\/v2\/users\/1"}],"replies":[{"embeddable":true,"href":"https:\/\/bsc-lahr.de\/index.php?rest_route=%2Fwp%2Fv2%2Fcomments&post=276"}],"version-history":[{"count":28,"href":"https:\/\/bsc-lahr.de\/index.php?rest_route=\/wp\/v2\/pages\/276\/revisions"}],"predecessor-version":[{"id":946,"href":"https:\/\/bsc-lahr.de\/index.php?rest_route=\/wp\/v2\/pages\/276\/revisions\/946"}],"wp:attachment":[{"href":"https:\/\/bsc-lahr.de\/index.php?rest_route=%2Fwp%2Fv2%2Fmedia&parent=276"}],"curies":[{"name":"wp","href":"https:\/\/api.w.org\/{rel}","templated":true}]}}